et f(r) = 2*r**2 - r + 7. Let s be f(0). Suppose 5149 = s*w - 255. What are the prime factors of w?
2, 193
Let b(s) = 51*s**2 + 4*s - 4. Let q be b(-2). Suppose 25 = 7*n - q. What are the prime factors of n?
31
What are the prime factors of (-78108)/(-8)*((-35)/(-21) - 1)?
23, 283
Let q = -197 + 37. Let w = q + 37. Let y = w + 241. What are the prime factors of y?
2, 59
Let u(s) = -2 + s**2 - 32*s - 31*s + 63*s. Let n be u(1). What are the prime factors of (20 - n)*(-102)/(-18)?
7, 17
Let b(g) = -g**3 - 4*g**2 + 5*g + 18. Let z be b(-4). List the prime factors of 3/z*(-33352)/66.
2, 379
Suppose -2*g + 86358 = 3*j, -7*g + 155*j - 160*j + 302264 = 0. List the prime factors of g.
2, 3, 2399
Suppose 4*x - 1393 = 623. Suppose 4*f - f = 3*z + x, -z = -2*f + 172. What are the prime factors of (z/(-12))/(6/90)?
5, 41
Let g(w) = 2*w**3 - 15*w**2 - 7*w + 23. Let c(d) = 23*d**2 - 2 - 33 + 10*d - 5*d**3 + 2*d**3. Let z(m) = -5*c(m) - 7*g(m). List the prime factors of z(10).
2
What are the prime factors of 2156/6*21 + -10?
2, 3, 157
Let z = 27548 - 16652. Suppose z - 3336 = 20*v. What are the prime factors of v?
2, 3, 7
Let h(z) = -25*z**2 + 6*z - 4. Let j(v) = -3*v**2 + v. Let n(m) = -h(m) + 6*j(m). List the prime factors of n(2).
2
Let g be 0 + 0 + -1 + -7. Let j = 6 + g. Let t(v) = -24*v + 1. List the prime factors of t(j).
7
Let l = 414 - 38. Suppose -5*q = 4*d - l, -d - d + 188 = 3*q. What are the prime factors of d?
2, 47
Let f(g) = 36*g**2 + 10*g - 39. List the prime factors of f(-6).
3, 7, 19
Let q be (-3)/36 - (-61485)/(-36). Let z = q - -2801. What are the prime factors of z?
1093
Let t be 66/10 + -7 + 62/5. Suppose -5207 = -t*o + 3097. What are the prime factors of o?
2, 173
Let q = 7965 - 2394. List the prime factors of q.
3, 619
What are the prime factors of (6660/(-240))/((-4)/1216)?
2, 3, 19, 37
Let h = 7736 + -7464. Suppose -3*a + 2*w = 489, -4*a + w + w = 650. Let k = a + h. List the prime factors of k.
3, 37
Suppose -2*q - 611 + 148 = -5*x, x - 971 = 4*q. Let d = q - -509. List the prime factors of d.
5, 53
Let p(v) = -2*v**3 - 67*v**2 - 33*v + 13. Let b be p(-33). List the prime factors of 14*((2 - 10/(-5)) + b).
2, 7, 17
Suppose 3*j - 4983 = -3*u + 44394, 4*u = -3*j + 49372. What are the prime factors of j?
2, 3, 7
Let o = 1076 + -569. Suppose 0 = 3*r + 3*x - o, 6*r - 10*r - 3*x + 678 = 0. List the prime factors of r.
3, 19
Let m be (48/14)/(9/((-1575)/(-10))). What are the prime factors of (-1804)/(-10) - (-36)/m?
181
Let k = -3004 - -4396. Suppose -9*g = -15*g + k. What are the prime factors of g?
2, 29
Suppose -128*z = -129*z + 180. Suppose -5*u + 4*q - 403 = 0, -u - 89 = -2*q - 3*q. Let p = u + z. What are the prime factors of p?
101
Suppose -4*i - 2068 + 290 = -2*y, 3 = 3*i. Suppose -29*o = -26*o - y. List the prime factors of o.
3, 11
Let o = 2056 + 6614. Suppose -17*k + o = 1802. What are the prime factors of k?
2, 101
List the prime factors of 8/5*(12230/16)/((-156)/(-3120)).
2, 5, 1223
Let h(k) = -35*k**3 - 4*k**2 + 46*k - 37. What are the prime factors of h(-6)?
7103
Suppose -o - 5*p = -28095, 4*o - 42*p + 46*p = 112268. List the prime factors of o.
2, 5, 23, 61
Let y(k) = 3*k**2 + 11 + 28*k - k**2 - 3*k**2. Suppose -168*v - 288 = -186*v. What are the prime factors of y(v)?
7, 29
Let s = 11994 - -12137. What are the prime factors of s?
59, 409
Suppose -6*t + 35 = -85. Let p be (3/((-15)/4))/(t/(-150)). Suppose p*u - 1138 + 46 = 0. What are the prime factors of u?
2, 7, 13
Let c be (6/15 + 4)/((-4)/(-20)). Let s be 89/2*(c - 16). Let l = s + -174. List the prime factors of l.
3, 31
Suppose -3*p = -u + 23970, 3*p + 27572 = -3*u + 99578. What are the prime factors of u?
2, 3, 31, 43
Suppose -4*i - 7182 = -3*p, -2*p + 325 + 4446 = 3*i. What are the prime factors of p?
2, 5, 239
Suppose 126*j = 42*j + 254016. List the prime factors of j.
2, 3, 7
Let t(k) = -k**3 - 2*k**2 - 5*k + 6967. Let w be t(0). Suppose 27*d - w - 3941 = 0. List the prime factors of d.
2, 101
Suppose 18*u + 38284 = 52*u. List the prime factors of u.
2, 563
Suppose -43 = -6*r - 31. Suppose 1050 = r*p + 4*u, -15 = 3*u + 2*u. List the prime factors of p.
3, 59
Let u(m) be the second derivative of -7*m + 25/2*m**2 + 1/6*m**4 - 11/3*m**3 + 0. What are the prime factors of u(14)?
109
Suppose p + 16*r - 3 = 13*r, -2*p + 6 = -3*r. What are the prime factors of 978*7/42*p?
3, 163
Suppose 44*z - 221089 = 62472 + 77195. List the prime factors of z.
3, 911
Let i = -68 + 304. Suppose -296 = 3*v + 67. Let d = i + v. List the prime factors of d.
5, 23
Let r = -68 - -71. Let u(g) = 6*g + 2*g**2 + 7*g**3 - g**3 + 0*g - 7*g**r - 7. List the prime factors of u(3).
2
Let p = 64 + -111. Let g = p - -45. List the prime factors of 6*((-41)/(-6) - g).
53
Let r = -47 - -83. Let b be r/(-8) + 2/4. Let f(k) = -6*k + 12. List the prime factors of f(b).
2, 3
Let d(b) = 2287*b**2 - 9*b + 19. List the prime factors of d(4).
5, 7, 11, 19
What are the prime factors of 17868 + (-592)/(-222)*6/4?
2, 1117
Let p = -15798 + 32136. What are the prime factors of p?
2, 3, 7, 389
Let y be 4/(-26) - (-2073)/39 - -2. Suppose -y*p = -51*p. Suppose -3*i = 3*f - 0*i - 153, p = -3*i - 6. What are the prime factors of f?
53
Suppose -s = -3*s. Suppose -4*z = 4*d - s*z - 748, 0 = -2*d + 4*z + 404. Suppose -4*t + 112 = -d. What are the prime factors of t?
2, 19
Suppose 2*u + 15 = 113. Let z = 660 + -312. What are the prime factors of 7/(u/2) + z/7?
2, 5
Let y = -148 - -152. Suppose -2*w = 3*f - 180, 2*w - y*f - 208 = -0*w. What are the prime factors of w?
2, 3
Let m = 12626 + -4326. What are the prime factors of m?
2, 5, 83
Let w(r) = -79*r**3 - r**2 - 81*r - 388. What are the prime factors of w(-5)?
3, 11, 13, 23
Let r(q) be the second derivative of -25*q**3/2 + 51*q**2 + 124*q. List the prime factors of r(-4).
2, 3, 67
Let y = -1110 - -635. List the prime factors of y/(-3) - (-8)/12.
3, 53
Let q(g) = -g**3 + 6*g**2 - 9*g + 12. Let w be q(4). Suppose -61 = -w*k + 131. List the prime factors of k.
2, 3
Let t be (((-330)/(-12))/(-11))/(5/(-12)). Suppose -4*x = u - t*u - 247, 5*u = 3*x - 189. List the prime factors of x.
2, 29
Let x(s) = s**3 - 28*s**2 - 32*s + 28. Let g be x(29). Let q = g + 393. List the prime factors of q.
2, 167
Suppose 155*t + 26*t - 877307 = 0. What are the prime factors of t?
37, 131
Suppose -2*a - 5*a = -49. Let i(b) = 45*b - 10. Let w be i(a). Suppose 187 = 4*h - w. List the prime factors of h.
3, 41
Suppose -2*j = 2*z - 7*z - 34242, -5*z + 68364 = 4*j. List the prime factors of j.
7, 349
Suppose 5*l - 22*l + 1428976 = 50*l. List the prime factors of l.
2, 31, 43
List the prime factors of 656/(-48) + 13 - 127536/(-9).
2, 5, 13, 109
Let i = 323493 + -228559. List the prime factors of i.
2, 7, 6781
Let m(t) = 1081*t - 4430. List the prime factors of m(11).
3, 829
Let h(v) = -v + 1. Let i be h(-7). Let r(j) = 13*j + 0*j**2 + 9*j**2 - i*j**2 + 33. List the prime factors of r(-16).
3
Suppose 3*z - 5*t - 114868 = 0, 3*t = -173 + 158. List the prime factors of z.
38281
Let t(w) = 429*w - 1505. What are the prime factors of t(16)?
23, 233
Let z(r) = 3*r + 22. Let c be z(-6). Let s(b) = 4*b**2 + 2. Let m be s(2). Suppose -c*a + 30 = m. List the prime factors of a.
3
Suppose -x + 0 + 5 = 0. Suppose 3*p = -x*p + 352. List the prime factors of p.
2, 11
Suppose -x = -f - 3, 0 = -5*x + 4*x - 2. List the prime factors of (f + 1)*6/24*-167.
167
Let a(f) = 4007*f**2 + 13*f + 27. List the prime factors of a(-2).
3, 13, 137
Let w(b) = 13*b**2 + 19*b + 80. Let o be w(-5). List the prime factors of 124/o - 5436/(-10).
2, 17
Let h = 1206 + -248. List the prime factors of h.
2, 479
Let b(a) be the third derivative of 11*a**6/120 - a**5/15 - 5*a**4/24 + 25*a**3/6 - 3*a**2 - 10. What are the prime factors of b(5)?
3, 5, 17
Let j = 19853 - 10470. List the prime factors of j.
11, 853
Suppose 16 = 4*f, -2*f + 175142 = 3*j + 33489. List the prime factors of j.
5, 7, 19, 71
Let n(j) = -5*j + 13. Let g = 15 + 8. Suppose -33 = y - g. What are the prime factors of n(y)?
3, 7
Let w = -1039 - -1458. Suppose w = 8*h + 51. Let m = h - 26. List the prime factors of m.
2, 5
Let n(u) = 18285*u**3 - 4*u**2 + u + 1. What are the prime factors of n(1)?
47, 389
Let l be (-3)/12 - 26/(-8). Suppose 5*h - 5*x = 1515, 0*x = 3*h + 